NOAA-Style Climate Reports

Select a Year or Month report
2019: Ιαν Φεβ Μάρ Απρ Μάϊ Ιού Ιού Αύγ Σεπ Οκτ Νοέ Δεκ
2018: Ιαν Φεβ Μάρ Απρ Μάϊ Ιού Ιού Αύγ Σεπ Οκτ Νοέ Δεκ
2017: Ιαν Φεβ Μάρ Απρ Μάϊ Ιού Ιού Αύγ Σεπ Οκτ Νοέ Δεκ

Report for 2019 Σεπτέμβριος
                   MONTHLY CLIMATOLOGICAL SUMMARY for SEP. 2019

NAME: Agia   CITY: Agia   STATE: Larisa 
ELEV:   190 m  LAT:   LONG: 

                   TEMPERATURE (°C), RAIN  (mm), WIND SPEED (km/hr)

                                      HEAT  COOL        AVG
    MEAN                              DEG   DEG         WIND                 DOM
DAY TEMP  HIGH   TIME   LOW    TIME   DAYS  DAYS  RAIN  SPEED HIGH   TIME    DIR
------------------------------------------------------------------------------------
 1  23.9  28.7   14:30  18.6    6:45   0.0   5.6   0.0   5.6  27.4   12:30   NNE
 2  24.6  30.2   15:15  18.1    6:30   0.0   6.3   0.0   5.3  22.5   13:00   NNE
 3  24.9  30.2   15:30  19.5    4:45   0.0   6.6   0.0   6.3  29.0   13:00   NNE
 4  25.2  30.3   12:15  20.1    7:30   0.0   6.9   0.0   5.3  29.0   12:30     N
 5  24.4  28.7   16:15  20.6    6:30   0.0   6.1   0.0   6.1  27.4   13:30   ENE
 6  23.4  26.8   14:30  20.1    3:15   0.0   5.1   0.0   6.3  25.7   16:30   NNE
 7  23.8  27.3   13:00  20.5    2:15   0.0   5.5   0.0   6.3  24.1   18:30   ENE
 8  23.2  27.6   14:15  18.1    6:45   0.0   4.9   0.0   6.1  25.7   14:45   NNE
 9  23.1  26.3   13:00  20.1   00:00   0.0   4.8   0.0   6.6  25.7   13:15   NNE
10  22.6  27.3   14:45  17.6    6:30   0.0   4.3   0.0   6.0  29.0   15:00     N
11  23.2  27.5   14:15  19.8    6:15   0.0   4.9   0.0   5.1  25.7   14:15   ENE
12  22.1  27.3   12:15  17.3    7:30   0.1   3.9   0.0   5.6  32.2   19:45   NNE
13  23.9  28.5   17:15  18.9    6:45   0.0   5.6   0.0   7.4  37.0    9:00     N
14  24.3  29.7   18:15  17.3    7:30   0.0   6.0   0.0   6.4  40.2   12:00   NNE
15  23.2  27.6   14:45  17.7    7:15   0.0   4.9   0.0   6.3  30.6   12:00     N
16  22.0  28.0   13:15  16.4    7:30   0.2   3.9   0.0   5.0  27.4   17:15     N
17  23.3  30.4   13:30  17.1    7:00   0.1   5.1   0.0   4.5  25.7   16:45     N
18  24.7  30.3   13:15  18.6    7:15   0.0   6.3   0.0   4.5  24.1   15:00   ENE
19  21.8  25.7   12:45  17.7    7:15   0.0   3.5  25.0   6.4  32.2   16:15   ENE
20  16.7  19.2    0:30  14.3   11:30   1.7   0.0  11.0   2.1  19.3    2:00   ENE
21  17.6  21.1   14:15  13.9   23:45   1.2   0.4   0.0   5.5  27.4    7:30   ENE
22  16.9  23.4   14:45  11.2    7:45   2.5   1.0   0.0   4.5  24.1   17:15     N
23  14.1  15.5    0:15  13.2    7:30   1.3   0.0   0.0   2.6   6.4    0:30     N
24
25
26
27
28
29
30
-------------------------------------------------------------------------------------
    22.3  30.4    17    11.2    22     7.1 101.9  36.0   5.5  40.2    14       N

Max >=  32.0:  0
Max <=   0.0:  0
Min <=   0.0:  0
Min <= -18.0:  0
Max Rain: 24.99 ON 19/09/19
Days of Rain: 2 (> .2 mm) 2 (> 2 mm) 1 (> 20 mm)
Heat Base:  18.3  Cool Base:  18.3  Method: Integration