NOAA-Style Climate Reports

Select a Year or Month report
2019: Ιαν Φεβ Μάρ Απρ Μάϊ Ιού Ιού Αύγ Σεπ Οκτ Νοέ Δεκ
2018: Ιαν Φεβ Μάρ Απρ Μάϊ Ιού Ιού Αύγ Σεπ Οκτ Νοέ Δεκ
2017: Ιαν Φεβ Μάρ Απρ Μάϊ Ιού Ιού Αύγ Σεπ Οκτ Νοέ Δεκ

Report for 2019 Μάρτιος
                   MONTHLY CLIMATOLOGICAL SUMMARY for MAR. 2019

NAME: Agia   CITY: Agia   STATE: Larisa 
ELEV:   190 m  LAT:   LONG: 

                   TEMPERATURE (°C), RAIN  (mm), WIND SPEED (km/hr)

                                      HEAT  COOL        AVG
    MEAN                              DEG   DEG         WIND                 DOM
DAY TEMP  HIGH   TIME   LOW    TIME   DAYS  DAYS  RAIN  SPEED HIGH   TIME    DIR
------------------------------------------------------------------------------------
 1  12.5  19.6   16:45   6.5    6:00   5.9   0.1   0.0   3.9  16.1    0:30    NW
 2  12.3  18.8   14:30   8.0    7:45   6.0   0.0   0.6   5.8  43.5   20:30   ENE
 3  10.9  14.9   14:30   6.6    7:15   7.4   0.0   0.0   9.7  61.2    1:15     N
 4   8.7  15.4   14:45   3.3    7:00   9.7   0.0   0.0   4.2  22.5   17:45     N
 5  11.6  19.0   14:30   5.7    5:00   6.7   0.0   0.0   4.8  25.7   15:30   WSW
 6  14.8  20.8   14:15   8.4    1:00   3.7   0.2   0.0   6.0  27.4   13:00   WNW
 7  13.7  19.2   12:30   8.6    7:30   4.6   0.0   0.0   4.3  24.1   13:30     N
 8  11.4  19.4   12:30   7.5    6:45   6.9   0.0   0.0   5.3  27.4   15:00   ENE
 9  14.7  23.1   17:30   7.8    1:30   4.3   0.6   0.0   3.7  22.5   14:15     N
10  16.5  23.7   16:15  10.2    5:15   3.0   1.2   0.0   6.1  22.5    1:30     W
11  16.5  23.2   17:00  11.2    7:30   2.8   1.0   0.0   7.6  27.4   19:00    SW
12  10.6  15.8   10:45   3.9   22:45   7.7   0.0  14.6   9.8  75.6   20:15     N
13   7.0  11.1   16:45   3.7   00:00  11.3   0.0   2.4  10.1  64.4    2:15   NNE
14   7.3  13.1   14:00   2.8    6:30  11.0   0.0   7.0   3.7  19.3   13:00   NNE
15   8.3  13.2   18:00   6.4    6:30   9.9   0.0   1.8   2.4  16.1   14:15     N
16  11.7  19.4   17:15   3.9    4:45   6.7   0.1   0.0   6.1  27.4   13:30   WSW
17  15.1  22.6   14:45  10.0    7:15   3.8   0.7   0.0   4.5  19.3    9:45     N
18  13.4  18.3   13:30   8.6    6:30   4.9   0.0   0.0   5.1  25.7   15:00   ENE
19  12.9  18.6   14:15   7.1    7:00   5.4   0.0   0.0   4.2  20.9   16:30   ENE
20  13.8  18.3   14:15  10.5    6:15   4.5   0.0   0.0   5.1  25.7   14:00   ENE
21  12.7  16.2   15:15   8.8   23:15   5.6   0.0   0.0   7.1  40.2   11:00   ENE
22  11.3  14.9   13:30   7.6   23:45   7.0   0.0   0.0   5.1  22.5   17:00   ENE
23  12.3  17.4   13:15   6.7    6:00   4.5   0.0   0.0   4.7  25.7   11:45     N
24
25
26
27
28
29
30
31
-------------------------------------------------------------------------------------
    12.2  23.7    10     2.8    14   143.1   3.9  26.4   5.6  75.6    12       N

Max >=  32.0:  0
Max <=   0.0:  0
Min <=   0.0:  0
Min <= -18.0:  0
Max Rain: 14.60 ON 12/03/19
Days of Rain: 5 (> .2 mm) 3 (> 2 mm) 0 (> 20 mm)
Heat Base:  18.3  Cool Base:  18.3  Method: Integration