NOAA-Style Climate Reports

Select a Year or Month report
2019: Jan Feb Mar Apr May Jun Jul Aug Sep Oct Nov Dec
2018: Jan Feb Mar Apr May Jun Jul Aug Sep Oct Nov Dec
2017: Jan Feb Mar Apr May Jun Jul Aug Sep Oct Nov Dec

Report for 2019 October
                   MONTHLY CLIMATOLOGICAL SUMMARY for OCT. 2019

NAME: Agia   CITY: Agia   STATE: Larisa 
ELEV:   190 m  LAT:   LONG: 

                   TEMPERATURE (°C), RAIN  (mm), WIND SPEED (km/hr)

                                      HEAT  COOL        AVG
    MEAN                              DEG   DEG         WIND                 DOM
DAY TEMP  HIGH   TIME   LOW    TIME   DAYS  DAYS  RAIN  SPEED HIGH   TIME    DIR
------------------------------------------------------------------------------------
 1  22.3  29.0   13:45  16.9    8:00   0.2   4.2   0.0   4.2  25.7   17:45   NNE
 2  21.5  26.1   11:45  17.2    7:30   0.1   3.3   0.0   4.7  27.4   18:00     N
 3  21.5  25.9   11:45  18.4    6:15   0.0   3.2   0.0   3.7  41.8   14:30   WSW
 4  16.8  20.6   15:45  13.9   11:45   1.7   0.3  15.4   3.1  49.9    3:00     N
 5  17.6  22.9   17:15  13.7    7:30   1.5   0.8   0.0   3.9  24.1   16:45    SW
 6  18.5  22.8   14:30  13.3    8:00   1.1   1.2   0.0   4.8  20.9   14:15   NNE
 7  16.4  19.2    1:00  14.6    8:00   2.0   0.0   8.8   6.8  38.6   18:45   NNE
 8  15.4  17.6   14:45  13.8   21:30   2.8   0.0   1.6   5.3  37.0    2:00   NNE
 9  16.8  21.4   16:30  13.8    6:45   2.1   0.6   0.0   3.4  20.9   16:00   WSW
10  18.2  22.7   13:30  13.0    7:00   1.3   1.2   0.0   3.4  19.3   16:15   WSW
11  20.3  26.2   13:45  15.7    8:00   0.5   2.5   0.0   3.9  30.6   17:30   ENE
12  19.1  22.4   14:30  16.1   23:30   0.3   1.1   1.6   4.0  17.7   15:15   NNE
13  18.7  23.8   14:15  14.3    8:00   1.2   1.6   0.0   3.7  17.7   13:15   NNE
14  18.8  25.1   15:00  13.5    7:45   1.4   1.9   0.0   4.3  17.7   17:45   NNE
15  18.4  26.2   15:15  12.5    7:30   1.8   1.8   0.0   4.2  19.3   16:45   NNE
16  18.3  25.2   14:00  13.1    8:00   1.6   1.5   0.0   4.3  20.9   15:45   NNE
17  18.4  24.0   14:15  14.2    8:15   1.1   1.2   0.0   3.7  17.7   22:00   NNE
18  18.6  22.9   12:30  14.7    8:30   0.9   1.2   0.0   4.3  22.5   16:45   NNE
19  18.2  22.9   14:30  14.2    7:15   1.3   1.2   0.0   4.2  20.9   16:45     N
20  15.7  18.0   11:30  14.6    8:15   1.2   0.0   0.0   2.4   9.7   11:00     N
21
22
23
24
25
26
27
28
29
30
31
-------------------------------------------------------------------------------------
    18.5  29.0     1    12.5    15    24.1  28.9  27.4   4.1  49.9     4     NNE

Max >=  32.0:  0
Max <=   0.0:  0
Min <=   0.0:  0
Min <= -18.0:  0
Max Rain: 15.39 ON 04/10/19
Days of Rain: 4 (> .2 mm) 2 (> 2 mm) 0 (> 20 mm)
Heat Base:  18.3  Cool Base:  18.3  Method: Integration