NOAA-Style Climate Reports

Select a Year or Month report
2019: Ιαν Φεβ Μάρ Απρ Μάϊ Ιού Ιού Αύγ Σεπ Οκτ Νοέ Δεκ
2018: Ιαν Φεβ Μάρ Απρ Μάϊ Ιού Ιού Αύγ Σεπ Οκτ Νοέ Δεκ
2017: Ιαν Φεβ Μάρ Απρ Μάϊ Ιού Ιού Αύγ Σεπ Οκτ Νοέ Δεκ

Report for 2017 Δεκέμβριος
                   MONTHLY CLIMATOLOGICAL SUMMARY for DEC. 2017

NAME: Agia   CITY: Agia   STATE: Larisa 
ELEV:   190 m  LAT:   LONG: 

                   TEMPERATURE (°C), RAIN  (mm), WIND SPEED (km/hr)

                                      HEAT  COOL        AVG
    MEAN                              DEG   DEG         WIND                 DOM
DAY TEMP  HIGH   TIME   LOW    TIME   DAYS  DAYS  RAIN  SPEED HIGH   TIME    DIR
------------------------------------------------------------------------------------
 1
 2
 3
 4
 5
 6
 7
 8
 9
10
11   9.7  11.9   16:10   7.6   00:00   2.9   0.0   0.0   5.0  27.4   19:00     W
12  10.1  15.8   15:30   3.7    7:00   8.2   0.0   0.0   3.4  20.9   15:10     W
13  13.0  17.8   15:20   9.1    6:30   5.3   0.0   0.0   6.8  33.8   11:50   WSW
14  13.6  18.4   15:30  10.1    6:10   4.7   0.0   0.0   6.4  32.2   13:10   WSW
15  12.4  17.5   15:40   8.1    4:20   5.8   0.0   0.0   7.2  32.2   11:50   WSW
16  14.3  18.8   12:20  11.3   23:20   4.0   0.0   4.4   7.1  32.2   16:00   WSW
17  10.3  13.2   15:40   5.9   00:00   8.0   0.0   1.0   3.1  24.1   15:20     N
18   5.6   8.1    9:50   3.9   00:00  12.7   0.0   4.8   2.6  16.1   10:20   ENE
19   3.8   7.7   12:40   0.5   23:00  14.5   0.0   0.0   2.6  20.9   12:40     N
20   1.9   4.7   12:40  -1.7    7:40  16.4   0.0   0.0   1.8   9.7   10:00     N
21   0.9   2.7    2:40  -0.4   23:30  17.4   0.0   1.0   1.0   9.7    7:30    SW
22   0.9   2.4   14:30  -0.3    0:30  17.4   0.0   3.6   1.0   9.7   16:30    SW
23   3.3   8.7   16:40  -0.9    7:10  15.0   0.0   0.0   3.5  40.2   14:00     N
24   4.8   9.8   16:30   0.7    5:00  13.5   0.0   0.0   4.0  19.3   11:10     N
25   7.7  13.8   16:00   2.6    7:30  10.7   0.0   0.0   3.2  12.9   10:50     N
26   7.7  12.7   15:40   3.4    4:30  10.6   0.0   0.0   3.2  16.1   21:40     N
27   9.2  15.4   15:20   1.7    6:20   9.1   0.0   0.0   3.2  19.3   12:40    SW
28  11.8  15.1   13:40   8.7   23:40   6.5   0.0   0.4   6.6  29.0   20:20   WSW
29  10.2  13.7   14:50   6.9   23:00   8.1   0.0   0.0   4.5  24.1    1:10   WSW
30   6.7  12.1   14:50   2.6    6:40  11.6   0.0   0.0   3.1  14.5   12:40     N
31   5.6  10.3   14:40   1.0    7:40  12.7   0.0   0.0   4.2  19.3   15:10     N
-------------------------------------------------------------------------------------
     7.8  18.8    16    -1.7    20   215.0   0.0  15.2   4.0  40.2    23     WSW

Max >=  32.0:  0
Max <=   0.0:  0
Min <=   0.0:  4
Min <= -18.0:  0
Max Rain: 4.80 ON 18/12/17
Days of Rain: 6 (> .2 mm) 3 (> 2 mm) 0 (> 20 mm)
Heat Base:  18.3  Cool Base:  18.3  Method: Integration