NOAA-Style Climate Reports

Select a Year or Month report
2019: Ιαν Φεβ Μάρ Απρ Μάϊ Ιού Ιού Αύγ Σεπ Οκτ Νοέ Δεκ
2018: Ιαν Φεβ Μάρ Απρ Μάϊ Ιού Ιού Αύγ Σεπ Οκτ Νοέ Δεκ
2017: Ιαν Φεβ Μάρ Απρ Μάϊ Ιού Ιού Αύγ Σεπ Οκτ Νοέ Δεκ

Report for 2018
                            ANNUAL CLIMATOLOGICAL SUMMARY

NAME: Agia  CITY: Agia   STATE: Larisa  
ELEV:   190 m  LAT:   LONG: 

               TEMPERATURE (°C), HEAT BASE 18.3, COOL BASE 18.3
                          DEP.  HEAT  COOL                                          
        MEAN  MEAN        FROM  DEG   DEG                        MAX  MAX  MIN  MIN 
 YR MO  MAX   MIN   MEAN  NORM  DAYS  DAYS  HI  DATE  LOW  DATE  >=32 <=0  <=0  <=-18 
------------------------------------------------------------------------------------
 18  1  11.8   3.8   7.4   0.0   338     0  16.9  30  -1.2   23    0    0    2    0
 18  2  12.0   5.6   8.7   0.0   268     0  18.3   3   1.2   28    0    0    0    0
 18  3  17.2   7.6  12.1   0.0   196     4  25.4  17  -1.6    1    0    0    1    0
 18  4  22.6  11.6  17.1   0.0    72    37  29.2  24   7.1    3    0    0    0    0
 18  5  24.9  15.9  20.4   0.0    18    84  28.9  26  12.2   12    0    0    0    0
 18  6  27.6  18.2  22.8   0.0     5   140  31.2   5  15.3   27    0    0    0    0
 18  7  30.8  20.1  25.6   0.0     1   226  36.7  22  15.3   10    4    0    0    0
 18  8  30.0  20.0  25.1   0.0     0   210  32.3  18  18.2   22    4    0    0    0
 18  9  30.7  19.1  24.6   0.0     0    55  33.3   3  17.6    9    2    0    0    0
 18 10
 18 11
 18 12   9.8   2.4   5.6   0.0   236     0  17.0  23  -2.1   26    0    0    4    0
------------------------------------------------------------------------------------
        21.6  12.4  16.9   0.0  1134   757  36.7 JUL  -2.1  DEC   10    0    7    0

                                PRECIPITATION (mm)

               DEP.   MAX        DAYS OF RAIN 
               FROM   OBS.          OVER
 YR MO  TOTAL  NORM   DAY  DATE  .2   2   20
---------------------------------------------
 18  1 207.4    0.0 166.4   13   11    7    1
 18  2 314.8    0.0  89.0   10   18   15    3
 18  3  54.4    0.0  14.8   22   12    6    0
 18  4   2.8    0.0   2.2   30    2    1    0
 18  5  28.0    0.0   5.0    7   14    6    0
 18  6 169.4    0.0  86.4   26   14    7    3
 18  7  36.4    0.0  15.4    9    8    4    0
 18  8  52.6    0.0  26.6   27    5    3    1
 18  9   0.2    0.0   0.2    3    1    0    0
 18 10
 18 11
 18 12  56.6    0.0  35.2   31    8    4    1
---------------------------------------------
       922.6   0.0 166.4  JAN   93   53    9

                                WIND SPEED (km/hr)
                          DOM
 YR MO   AVG.  HI   DATE  DIR
---------------------------------
 18  1   4.4  64.4   18     N
 18  2   7.1  78.9   15   NNE
 18  3   6.0  48.3    8    SW
 18  4   5.6  59.5    1     N
 18  5   5.4  45.1    7   ENE
 18  6   4.8  33.8   26     N
 18  7   4.9  54.7    7     N
 18  8   4.9  38.6   27     N
 18  9   4.4  45.1    6     N
 18 10
 18 11
 18 12   3.3  64.4   25     N
---------------------------------
         5.2  78.9  FEB    N