NOAA-Style Climate Reports

Select a Year or Month report
2019: Ιαν Φεβ Μάρ Απρ Μάϊ Ιού Ιού Αύγ Σεπ Οκτ Νοέ Δεκ
2018: Ιαν Φεβ Μάρ Απρ Μάϊ Ιού Ιού Αύγ Σεπ Οκτ Νοέ Δεκ
2017: Ιαν Φεβ Μάρ Απρ Μάϊ Ιού Ιού Αύγ Σεπ Οκτ Νοέ Δεκ

Report for 2018 Απρίλιος
                   MONTHLY CLIMATOLOGICAL SUMMARY for APR. 2018

NAME: Agia   CITY: Agia   STATE: Larisa 
ELEV:   190 m  LAT:   LONG: 

                   TEMPERATURE (°C), RAIN  (mm), WIND SPEED (km/hr)

                                      HEAT  COOL        AVG
    MEAN                              DEG   DEG         WIND                 DOM
DAY TEMP  HIGH   TIME   LOW    TIME   DAYS  DAYS  RAIN  SPEED HIGH   TIME    DIR
------------------------------------------------------------------------------------
 1  16.2  20.5   12:40  10.6   22:00   2.6   0.4   0.0  13.2  59.5   11:10   WSW
 2  13.1  17.8   14:20   7.9    7:40   5.2   0.0   0.0   6.0  33.8    0:20   ENE
 3  13.6  19.2   12:20   7.1    7:10   4.8   0.0   0.0   5.5  29.0   18:40     N
 4  13.7  20.9   13:30   8.0    6:10   4.8   0.1   0.0   5.0  25.7   16:10     N
 5  15.0  22.2   14:40   9.8    7:00   3.9   0.6   0.0   4.5  20.9   16:30     N
 6  15.8  20.0   14:30  12.3    0:40   2.7   0.2   0.0   6.6  49.9   20:50   NNW
 7  16.3  21.8   15:00  12.8    7:30   2.5   0.5   0.0   4.8  30.6   15:00     N
 8  16.6  23.6   14:20   9.1    7:10   3.1   1.3   0.0   4.7  27.4   11:20     N
 9  16.6  22.6   17:30   9.7    5:40   2.7   1.0   0.0   5.1  22.5   14:20     N
10  16.0  21.6   13:30  11.1    7:40   2.7   0.4   0.0   5.0  24.1   14:30     N
11  14.7  19.5   13:30  11.2    6:40   3.6   0.0   0.0   4.0  19.3   17:00     N
12  16.0  21.3   17:10   9.8    6:10   2.9   0.6   0.0   6.0  25.7   15:40     N
13  16.5  22.1   16:00  11.6    5:20   2.4   0.6   0.0   5.1  25.7   13:50   ENE
14  18.4  23.4   16:00  12.7    6:10   1.6   1.7   0.0   6.0  27.4   14:10     N
15  17.8  21.1   12:20  15.7    8:10   0.9   0.4   0.0   6.3  30.6   16:40   ENE
16  15.1  17.3    0:50  10.8   00:00   3.2   0.0   0.6   4.8  40.2    5:40   ENE
17  15.5  21.6   13:20   9.1    7:00   3.5   0.7   0.0   4.7  24.1   16:50     N
18  17.5  22.8   13:10  12.1    7:00   2.0   1.2   0.0   5.3  25.7   13:30     N
19  18.4  23.2   13:20  13.8    0:20   1.4   1.6   0.0   5.0  25.7   13:40     N
20  16.2  24.6   13:50  12.2    5:40   2.7   0.7   0.0   6.8  45.1   13:30     N
21  15.7  20.6   15:50   9.2    6:20   3.1   0.5   0.0   5.5  32.2   17:00     N
22  17.4  25.9   15:30   9.1    7:10   2.7   1.8   0.0   4.0  24.1   17:40     N
23  18.7  25.1   15:40  10.9    7:00   2.0   2.4   0.0   4.0  20.9   17:50     N
24  20.1  29.2   15:10  10.9    7:00   1.8   3.5   0.0   4.5  19.3   16:00     N
25  21.0  25.8   17:20  15.1    6:50   0.5   3.2   0.0   6.3  24.1   13:50   ENE
26  20.7  26.4   16:30  13.5    7:20   0.9   3.3   0.0   4.8  22.5   16:10     N
27  21.8  27.7   16:40  14.6    7:00   0.6   4.0   0.0   5.3  20.9   16:40     N
28  21.9  25.2   15:20  16.9    7:00   0.1   3.6   0.0   7.9  37.0   12:40   ENE
29  20.3  24.1   13:50  14.8    6:50   0.3   2.3   0.0   7.1  35.4   10:10   ENE
30  17.5  21.5   17:30  14.6   23:50   1.4   0.6   2.2   3.7  24.1   13:20   WSW
-------------------------------------------------------------------------------------
    17.1  29.2    24     7.1     3    72.3  37.1   2.8   5.6  59.5     1       N

Max >=  32.0:  0
Max <=   0.0:  0
Min <=   0.0:  0
Min <= -18.0:  0
Max Rain: 2.21 ON 30/04/18
Days of Rain: 2 (> .2 mm) 1 (> 2 mm) 0 (> 20 mm)
Heat Base:  18.3  Cool Base:  18.3  Method: Integration