NOAA-Style Climate Reports

Select a Year or Month report
2019: Ιαν Φεβ Μάρ Απρ Μάϊ Ιού Ιού Αύγ Σεπ Οκτ Νοέ Δεκ
2018: Ιαν Φεβ Μάρ Απρ Μάϊ Ιού Ιού Αύγ Σεπ Οκτ Νοέ Δεκ
2017: Ιαν Φεβ Μάρ Απρ Μάϊ Ιού Ιού Αύγ Σεπ Οκτ Νοέ Δεκ

Report for 2018 Μάϊος
                   MONTHLY CLIMATOLOGICAL SUMMARY for MAY. 2018

NAME: Agia   CITY: Agia   STATE: Larisa 
ELEV:   190 m  LAT:   LONG: 

                   TEMPERATURE (°C), RAIN  (mm), WIND SPEED (km/hr)

                                      HEAT  COOL        AVG
    MEAN                              DEG   DEG         WIND                 DOM
DAY TEMP  HIGH   TIME   LOW    TIME   DAYS  DAYS  RAIN  SPEED HIGH   TIME    DIR
------------------------------------------------------------------------------------
 1  20.2  26.3   13:50  13.7    6:10   1.2   3.1   0.0   4.8  27.4   17:40     N
 2  20.6  24.1   13:00  15.8    4:10   0.3   2.5   0.0   6.4  27.4   17:50   ENE
 3  19.6  21.3   13:50  17.1    7:20   0.1   1.4   0.0   7.9  33.8   20:30   ENE
 4  21.6  24.7   13:30  17.7    7:20   0.0   3.2   0.0   6.0  25.7   12:20   ENE
 5  20.4  23.2   14:50  16.1   00:00   0.3   2.4   1.8   4.8  38.6    6:20    SW
 6  16.1  17.8   23:30  14.3    6:20   2.2   0.0   4.6   2.7  19.3   23:10   WSW
 7  19.1  23.9   15:20  15.6    6:40   0.7   1.4   5.0   5.6  45.1    3:40   ENE
 8  18.6  24.7   17:30  14.8    6:00   1.1   1.4   0.8   4.8  25.7   14:10    SW
 9  18.8  24.1   15:10  14.0    6:10   1.3   1.8   0.0   4.5  22.5   14:30   ENE
10  17.9  23.0   16:30  14.1    7:00   1.3   0.9   0.8   2.7  17.7   19:30    SW
11  17.1  22.6   13:40  12.9    3:30   1.9   0.7   0.0   4.3  30.6   13:40   ENE
12  18.1  23.4   16:10  12.2    5:40   1.7   1.6   3.6   4.2  29.0    0:10     N
13  17.9  21.8   11:30  14.0    6:30   1.1   0.7   3.0   6.0  27.4   15:20   ENE
14  18.7  24.0   12:10  13.6    4:30   1.3   1.6   0.0   5.5  25.7   14:00   ENE
15  21.4  28.1   13:20  16.3    6:00   0.2   3.3   0.0   4.7  24.1   14:10    NW
16  22.9  28.7   15:30  17.9    7:20   0.0   4.6   0.0   6.9  35.4    0:40   WSW
17  22.5  27.8   14:00  17.7    6:20   0.0   4.2   0.0   6.9  30.6    3:20   WSW
18  21.9  26.6   14:00  17.1    7:10   0.1   3.7   0.4   5.0  24.1   18:10   ENE
19  20.6  24.7   15:10  15.0    6:20   0.5   2.8   0.0   5.5  27.4   14:00   ENE
20  20.7  24.3   13:20  16.6   00:00   0.1   2.5   0.8   6.0  27.4   12:50     N
21  19.9  23.7   16:30  15.5    5:30   0.6   2.2   0.4   4.5  22.5   12:50     N
22  20.3  23.9   13:20  15.6    5:50   0.6   2.6   0.0   6.8  27.4   11:50   ENE
23  20.3  23.6   11:00  16.0    4:40   0.2   2.2   0.6   5.8  29.0   14:40   ENE
24  20.7  25.6   16:00  17.0    5:20   0.1   2.6   0.0   4.2  22.5   16:30   ENE
25  22.0  27.7   16:00  16.3    6:30   0.3   3.9   3.2   4.7  35.4   18:10     N
26  23.1  28.9   18:00  16.7    7:00   0.1   4.9   2.4   5.8  38.6   21:30   ENE
27  22.9  27.8   14:40  17.1    4:50   0.1   4.8   0.0   6.9  29.0   12:10     N
28  22.2  25.9   15:30  18.1    6:40   0.0   3.9   0.6   6.1  24.1   15:40   ENE
29  22.5  26.5   18:20  17.7    6:30   0.0   4.2   0.0   6.6  30.6   15:20     N
30  22.8  27.0   16:20  17.8    7:40   0.0   4.5   0.0   6.3  27.4   14:30     N
31  22.5  26.7   11:40  17.9    2:30   0.0   4.2   0.0   5.8  35.4   15:40     N
-------------------------------------------------------------------------------------
    20.4  28.9    26    12.2    12    17.6  84.1  28.0   5.4  45.1     7     ENE

Max >=  32.0:  0
Max <=   0.0:  0
Min <=   0.0:  0
Min <= -18.0:  0
Max Rain: 5.00 ON 07/05/18
Days of Rain: 14 (> .2 mm) 6 (> 2 mm) 0 (> 20 mm)
Heat Base:  18.3  Cool Base:  18.3  Method: Integration