NOAA-Style Climate Reports

Select a Year or Month report
2019: Ιαν Φεβ Μάρ Απρ Μάϊ Ιού Ιού Αύγ Σεπ Οκτ Νοέ Δεκ
2018: Ιαν Φεβ Μάρ Απρ Μάϊ Ιού Ιού Αύγ Σεπ Οκτ Νοέ Δεκ
2017: Ιαν Φεβ Μάρ Απρ Μάϊ Ιού Ιού Αύγ Σεπ Οκτ Νοέ Δεκ

Report for 2018 Ιούνιος
                   MONTHLY CLIMATOLOGICAL SUMMARY for JUN. 2018

NAME: Agia   CITY: Agia   STATE: Larisa 
ELEV:   190 m  LAT:   LONG: 

                   TEMPERATURE (°C), RAIN  (mm), WIND SPEED (km/hr)

                                      HEAT  COOL        AVG
    MEAN                              DEG   DEG         WIND                 DOM
DAY TEMP  HIGH   TIME   LOW    TIME   DAYS  DAYS  RAIN  SPEED HIGH   TIME    DIR
------------------------------------------------------------------------------------
 1  23.1  29.2   15:40  15.7    6:00   0.3   5.2   0.0   5.0  25.7   13:30     N
 2  23.4  28.9   17:30  17.2    6:30   0.0   5.2   0.0   6.0  32.2   13:50     N
 3  23.3  28.1   15:50  17.4    6:20   0.0   5.1   0.0   5.8  24.1   17:00     N
 4  24.7  30.7   13:00  17.9    6:30   0.0   6.4   0.0   4.5  20.9   15:30     N
 5  25.6  31.2   12:40  19.4    5:20   0.0   7.2   0.0   4.8  25.7   17:40     N
 6  25.6  29.8   12:20  21.6    7:50   0.0   7.3   0.0   5.3  29.0   19:30   ENE
 7  24.8  28.9   15:00  20.2    5:10   0.0   6.5   0.0   5.6  24.1   14:20   ENE
 8  24.8  26.8   13:00  22.2    5:50   0.0   6.6   0.0   8.0  30.6   16:00   NNE
 9  25.0  27.8   14:40  20.5    6:50   0.0   6.7   0.0   6.4  25.7   15:50   ENE
10  23.9  29.6   12:40  18.7    6:40   0.0   5.6   0.6   4.2  27.4   15:50     N
11  23.9  28.7   18:40  17.7    6:10   0.0   5.7   1.0   5.6  29.0   12:20     N
12  24.9  29.5   11:20  19.1    6:40   0.0   6.6   0.0   6.0  29.0   14:30     N
13  24.9  29.3   15:40  20.1    5:20   0.0   6.6   0.0   6.0  29.0   13:40     N
14  23.5  29.3   12:00  19.0    5:50   0.0   5.2   2.4   5.6  32.2   16:40   ENE
15  21.6  26.4   11:00  17.8    5:50   0.0   3.3   0.8   3.1  17.7   12:20     N
16  19.3  23.3   17:00  16.8   12:40   0.1   1.1  24.2   2.7  24.1   11:40   ENE
17  21.4  26.2   16:10  17.4    6:00   0.1   3.2   0.2   4.2  25.7   13:20     N
18  22.9  28.3   15:30  16.8    6:20   0.1   4.7   0.0   4.0  25.7   12:50     N
19  22.7  29.1   19:30  19.6   10:30   0.0   4.4   1.8   3.1  17.7   12:40     N
20  25.1  30.6   18:10  19.0    6:40   0.0   6.8   0.0   4.8  25.7   12:20     N
21  24.8  29.9   14:30  20.2    6:20   0.0   6.5   0.0   4.2  22.5   14:00     N
22  24.9  31.0   13:30  20.2    7:20   0.0   6.6   0.0   4.8  24.1   17:00     N
23  22.1  26.4   11:10  19.3   00:00   0.0   3.8   0.4   4.3  25.7   13:50     N
24  18.5  22.1   16:30  15.3    8:30   0.7   0.8   3.0   3.2  25.7    2:50     N
25  18.9  21.6   10:30  16.9    6:40   0.3   1.0   3.0   2.7  29.0   10:50   ENE
26  17.9  21.4    2:20  15.6   14:10   0.8   0.4  86.4   5.1  33.8    5:10   NNE
27  18.1  21.7   14:40  15.3    5:40   0.9   0.7  41.6   2.4  16.1    3:10    SW
28  19.4  25.4   18:30  16.3    8:00   0.6   1.6   2.4   5.8  25.7   22:30    SW
29  21.8  28.6   19:10  15.6    6:50   0.6   4.1   1.6   6.3  30.6   11:40   WSW
30  23.3  29.4   19:50  17.5    5:00   0.0   5.0   0.0   4.3  17.7   10:20     N
-------------------------------------------------------------------------------------
    22.8  31.2     5    15.3    27     4.7 140.1 169.4   4.8  33.8    26       N

Max >=  32.0:  0
Max <=   0.0:  0
Min <=   0.0:  0
Min <= -18.0:  0
Max Rain: 86.41 ON 26/06/18
Days of Rain: 14 (> .2 mm) 7 (> 2 mm) 3 (> 20 mm)
Heat Base:  18.3  Cool Base:  18.3  Method: Integration