NOAA-Style Climate Reports

Select a Year or Month report
2019: Ιαν Φεβ Μάρ Απρ Μάϊ Ιού Ιού Αύγ Σεπ Οκτ Νοέ Δεκ
2018: Ιαν Φεβ Μάρ Απρ Μάϊ Ιού Ιού Αύγ Σεπ Οκτ Νοέ Δεκ
2017: Ιαν Φεβ Μάρ Απρ Μάϊ Ιού Ιού Αύγ Σεπ Οκτ Νοέ Δεκ

Report for 2018 Ιούλιος
                   MONTHLY CLIMATOLOGICAL SUMMARY for JUL. 2018

NAME: Agia   CITY: Agia   STATE: Larisa 
ELEV:   190 m  LAT:   LONG: 

                   TEMPERATURE (°C), RAIN  (mm), WIND SPEED (km/hr)

                                      HEAT  COOL        AVG
    MEAN                              DEG   DEG         WIND                 DOM
DAY TEMP  HIGH   TIME   LOW    TIME   DAYS  DAYS  RAIN  SPEED HIGH   TIME    DIR
------------------------------------------------------------------------------------
 1  26.0  30.8   16:10  20.9    6:40   0.0   7.7   0.0   5.6  37.0   12:10     N
 2  24.8  29.4   18:40  18.9    6:50   0.0   6.5   0.0   5.3  29.0   14:00     N
 3  25.4  28.9   18:10  20.1    5:50   0.0   7.2   0.0   6.4  32.2   15:40   ENE
 4  26.9  31.0   12:00  21.2    7:00   0.0   8.7   0.0   6.6  27.4   19:20     N
 5  27.7  32.0   15:20  21.6    6:30   0.0   9.4   0.0   4.2  20.9   15:00   ENE
 6  26.8  29.8   10:50  22.6    7:00   0.0   8.5   0.0   6.1  25.7   17:20     N
 7  25.1  28.6   14:40  19.5   18:50   0.0   6.7   6.2   5.6  54.7   18:40   ENE
 8  22.8  29.4   14:30  19.0   00:00   0.0   4.5   3.0   3.1  29.0   18:10     N
 9  21.2  27.2   15:00  16.8    5:40   0.2   3.1  15.4   4.0  41.8   18:00     N
10  21.6  27.0   16:10  15.3    6:30   0.6   3.9   0.0   4.7  19.3   15:10     N
11  24.3  29.6   13:10  19.1    5:00   0.0   6.0   0.0   3.7  19.3   16:30     N
12  25.6  31.1   15:40  19.1    6:20   0.0   7.2   0.0   4.2  17.7   18:40     N
13  26.3  30.9   17:00  21.4    5:00   0.0   8.0   0.0   5.0  27.4   21:40     N
14  27.1  31.8   15:40  22.5    2:20   0.0   8.8   0.0   5.3  37.0   17:40     N
15  27.3  30.9   19:40  22.8   00:00   0.0   9.0   0.0   4.5  32.2    7:20     N
16  26.5  31.1   13:50  20.9    6:30   0.0   8.2   0.0   4.7  22.5   16:40     N
17  29.1  36.0   16:40  22.7    1:00   0.0  10.8   0.0   6.9  38.6   22:30   WSW
18  27.2  31.7   14:20  21.8    6:40   0.0   8.9   0.0   5.8  30.6   12:20     N
19  26.3  31.3   13:00  20.9    5:30   0.0   8.0   0.0   5.1  35.4    0:10     N
20  26.2  31.6   14:50  20.0    6:50   0.0   7.9   0.0   4.8  29.0   16:10     N
21  26.6  31.4   12:00  21.1    6:00   0.0   8.2   0.0   4.8  22.5   16:10     N
22  28.9  36.7   18:40  21.0    6:40   0.0  10.6   0.0   5.8  29.0   20:30    SW
23  27.4  34.9   16:20  18.1   22:00   0.0   9.2   8.6   7.2  54.7   16:50    SW
24  23.2  29.7   15:40  17.9    0:50   0.0   4.9   1.0   3.7  30.6   17:30     N
25  24.8  30.7   16:20  19.5    7:00   0.0   6.5   0.0   3.2  19.3   12:40     N
26  23.2  28.6   12:20  18.9    6:50   0.0   4.9   0.4   3.9  22.5   15:30     N
27  23.5  29.7   15:10  18.7    6:30   0.0   5.2   0.8   3.1  24.1   16:20     N
28  25.3  29.8   11:50  20.3    5:40   0.0   7.0   0.0   4.3  22.5   13:20     N
29  25.1  30.5   14:50  20.7   00:00   0.0   6.7   0.0   4.5  30.6   15:50     N
30  25.1  31.6   14:00  19.1    6:40   0.0   6.8   0.0   3.5  22.5   15:40     N
31  25.6  30.3   12:30  21.3    6:50   0.0   7.2   1.0   4.7  25.7   13:50     N
-------------------------------------------------------------------------------------
    25.6  36.7    22    15.3    10     0.9 226.4  36.4   4.9  54.7     7       N

Max >=  32.0:  4
Max <=   0.0:  0
Min <=   0.0:  0
Min <= -18.0:  0
Max Rain: 15.39 ON 09/07/18
Days of Rain: 8 (> .2 mm) 4 (> 2 mm) 0 (> 20 mm)
Heat Base:  18.3  Cool Base:  18.3  Method: Integration