NOAA-Style Climate Reports

Select a Year or Month report
2019: Ιαν Φεβ Μάρ Απρ Μάϊ Ιού Ιού Αύγ Σεπ Οκτ Νοέ Δεκ
2018: Ιαν Φεβ Μάρ Απρ Μάϊ Ιού Ιού Αύγ Σεπ Οκτ Νοέ Δεκ
2017: Ιαν Φεβ Μάρ Απρ Μάϊ Ιού Ιού Αύγ Σεπ Οκτ Νοέ Δεκ

Report for 2018 Αύγουστος
                   MONTHLY CLIMATOLOGICAL SUMMARY for AUG. 2018

NAME: Agia   CITY: Agia   STATE: Larisa 
ELEV:   190 m  LAT:   LONG: 

                   TEMPERATURE (°C), RAIN  (mm), WIND SPEED (km/hr)

                                      HEAT  COOL        AVG
    MEAN                              DEG   DEG         WIND                 DOM
DAY TEMP  HIGH   TIME   LOW    TIME   DAYS  DAYS  RAIN  SPEED HIGH   TIME    DIR
------------------------------------------------------------------------------------
 1  25.3  30.4   13:20  21.3    7:10   0.0   7.0   1.2   4.7  24.1   17:30     N
 2  25.8  30.2   10:50  20.8    6:50   0.0   7.5   0.0   5.0  29.0   11:50     N
 3  24.5  29.1   18:10  21.3   00:00   0.0   6.2   0.2   3.5  16.1    7:20     N
 4  24.7  30.1   18:30  19.8    6:50   0.0   6.4   0.0   4.8  30.6   13:10     N
 5  25.0  30.8   17:40  18.7    7:00   0.0   6.7   0.0   4.8  29.0   12:10     N
 6  25.4  31.4   15:20  18.5    6:50   0.0   7.1   0.0   4.3  24.1   16:00     N
 7  26.6  32.0   16:40  20.8    6:20   0.0   8.3   0.0   4.2  20.9   17:20     N
 8  26.3  30.8   14:20  21.5    6:30   0.0   8.0   0.0   5.1  22.5   14:40     N
 9  25.9  29.1   14:00  21.6   22:40   0.0   7.6   9.8   5.0  27.4   14:40     N
10  24.9  28.9   18:30  20.9   00:00   0.0   6.6   0.0   5.0  27.4   10:40     N
11  24.7  28.1   15:30  20.7    7:50   0.0   6.3   0.0   6.4  24.1    9:50     N
12  24.0  28.4   16:20  19.4    5:00   0.0   5.7   0.0   5.6  24.1   13:40     N
13  24.3  29.2   14:20  18.9    7:20   0.0   6.0   0.0   5.3  24.1   18:10     N
14  24.2  28.0   12:40  18.9    6:50   0.0   5.9   0.0   5.3  29.0   16:10     N
15  24.8  29.5   15:30  20.1    4:20   0.0   6.5   0.0   5.0  24.1   15:50     N
16  24.2  30.7   14:40  18.7    6:00   0.0   5.9   0.0   3.7  22.5   13:10     N
17  25.3  32.2   16:10  19.9    6:20   0.0   7.0   0.0   3.5  29.0   15:10     N
18  26.3  32.3   16:00  20.3    7:10   0.0   8.0   0.0   4.5  25.7   12:40     N
19  27.8  32.2   15:10  22.0    6:50   0.0   9.5   0.0   6.8  37.0    9:50     N
20  26.7  30.2   15:30  22.2   00:00   0.0   8.4   0.0   6.6  25.7   11:10   ENE
21  24.8  30.5   16:40  19.2    7:20   0.0   6.5   0.0   6.1  30.6   12:30     N
22  24.6  30.6   16:20  18.2    6:40   0.0   6.3   0.0   5.0  27.4   12:40     N
23  25.2  29.6   14:10  19.9    7:10   0.0   6.9   0.0   5.8  33.8   11:40     N
24  25.0  29.0   16:30  20.3    3:30   0.0   6.7   0.0   5.6  29.0   14:10     N
25  24.8  29.3   13:50  19.6    5:40   0.0   6.5   0.0   4.8  24.1   15:10     N
26  25.4  29.6   14:10  20.5    7:20   0.0   7.2   0.0   5.3  24.1   18:00     N
27  21.9  26.5    9:00  19.5   13:50   0.0   3.6  26.6   4.2  38.6   11:20     N
28  22.4  29.2   16:20  18.4    8:30   0.0   4.1  14.8   3.5  32.2   23:30    SW
29  26.2  30.8   16:40  20.2    7:30   0.0   7.9   0.0   5.0  29.0    0:10     N
30  24.8  30.1   16:40  18.9    7:00   0.0   6.5   0.0   3.9  16.1   14:30     N
31  25.2  31.5   15:10  19.3    6:40   0.0   6.9   0.0   4.8  20.9   14:40     N
-------------------------------------------------------------------------------------
    25.1  32.3    18    18.2    22     0.0 209.7  52.6   4.9  38.6    27       N

Max >=  32.0:  4
Max <=   0.0:  0
Min <=   0.0:  0
Min <= -18.0:  0
Max Rain: 26.59 ON 27/08/18
Days of Rain: 5 (> .2 mm) 3 (> 2 mm) 1 (> 20 mm)
Heat Base:  18.3  Cool Base:  18.3  Method: Integration