NOAA-Style Climate Reports

Select a Year or Month report
2019: Ιαν Φεβ Μάρ Απρ Μάϊ Ιού Ιού Αύγ Σεπ Οκτ Νοέ Δεκ
2018: Ιαν Φεβ Μάρ Απρ Μάϊ Ιού Ιού Αύγ Σεπ Οκτ Νοέ Δεκ
2017: Ιαν Φεβ Μάρ Απρ Μάϊ Ιού Ιού Αύγ Σεπ Οκτ Νοέ Δεκ

Report for 2019 Απρίλιος
                   MONTHLY CLIMATOLOGICAL SUMMARY for APR. 2019

NAME: Agia   CITY: Agia   STATE: Larisa 
ELEV:   190 m  LAT:   LONG: 

                   TEMPERATURE (°C), RAIN  (mm), WIND SPEED (km/hr)

                                      HEAT  COOL        AVG
    MEAN                              DEG   DEG         WIND                 DOM
DAY TEMP  HIGH   TIME   LOW    TIME   DAYS  DAYS  RAIN  SPEED HIGH   TIME    DIR
------------------------------------------------------------------------------------
 1  13.0  19.4   16:30   5.9    7:30   5.4   0.1   0.0   4.2  20.9   14:15   NNE
 2  13.7  18.6   16:15   8.2    6:45   4.6   0.0   0.0   5.6  27.4   11:00   NNE
 3  11.3  14.1   14:15   8.8    6:15   7.0   0.0   0.0   7.7  27.4   17:00   NNE
 4  10.8  13.9   13:15   7.1    3:30   7.5   0.0   0.0   7.1  25.7   13:00   ENE
 5  11.6  13.5   13:45   9.6    0:15   6.7   0.0   0.0   7.4  24.1   13:15   ENE
 6  12.6  14.4   16:45  10.9    9:00   5.7   0.0   5.6   9.8  43.5    6:30   NNE
 7  13.1  18.1   13:15   8.7    7:15   5.3   0.0   0.0   5.1  25.7   15:00     N
 8  12.4  15.6   13:30   9.9   23:15   5.9   0.0   7.4   4.5  22.5   18:30   ENE
 9  11.6  14.8   14:00   9.5    6:45   6.7   0.0   0.4   2.3  16.1   15:30     N
10  13.8  20.1   15:30  10.8    6:00   4.5   0.0   1.8   2.3  22.5   16:15     N
11  15.0  21.3   16:15   8.7    5:45   3.9   0.6   0.0   8.9  38.6   15:45    SW
12  12.2  14.4    9:30  10.6   23:00   6.2   0.0   5.6   4.0  27.4    0:45   WSW
13  12.4  17.1   15:45   8.2    7:30   5.9   0.0   0.2   3.9  25.7   14:00   ENE
14  12.1  16.0   10:45   8.0    7:00   6.2   0.0   0.6   3.9  20.9   18:00   ENE
15  11.0  12.2   15:15   9.9    8:00   7.3   0.0   5.2   6.0  25.7   14:30   ENE
16  12.1  16.4   18:45   9.3    6:45   6.2   0.0   3.4   3.9  19.3    0:45   NNE
17  12.3  17.8   13:15   7.4    6:15   6.0   0.0   0.8   2.9  19.3   12:00     N
18  11.0  15.3   18:00   7.7    2:45   7.3   0.0   5.4   5.1  29.0   14:00   ENE
19  11.7  18.3   19:15   6.2    4:30   6.7   0.0   0.4   2.7  16.1   16:00     N
20  11.6  14.9   10:45   8.3   00:00   6.7   0.0   0.0   6.4  29.0    3:15   ENE
21  10.9  16.4   17:30   5.8    7:00   7.4   0.0   0.0   4.0  22.5   16:45   NNE
22  13.1  20.3   13:45   6.9    6:45   5.3   0.1   0.0   4.0  20.9   14:30   NNE
23  13.2  15.0   12:15  11.7    2:45   5.1   0.0   0.2   6.3  27.4   10:15   ENE
24  14.2  17.9   16:00  10.7    5:45   4.1   0.0   0.0   5.6  25.7   15:15   ENE
25  14.8  20.5   13:00  10.4    7:15   3.6   0.1   0.4   3.2  20.9   15:15     N
26  17.7  25.7   15:00  11.2    7:00   2.3   1.7   0.2   4.2  25.7   16:30     N
27  17.4  22.5   16:00  12.6    6:45   1.9   1.1   9.6   4.8  25.7   18:30   ENE
28  17.0  21.8   13:30  11.5    6:30   2.2   0.9   0.0   5.6  25.7   17:30     N
29  17.6  25.1   16:15  12.6    6:45   2.0   1.2   0.0   6.1  27.4   18:00    SW
30  17.4  23.4   17:15  12.3    6:00   2.2   1.4   0.0   8.0  35.4   18:00   WSW
-------------------------------------------------------------------------------------
    13.3  25.7    26     5.8    21   157.6   7.1  47.2   5.2  43.5     6     ENE

Max >=  32.0:  0
Max <=   0.0:  0
Min <=   0.0:  0
Min <= -18.0:  0
Max Rain: 9.60 ON 27/04/19
Days of Rain: 16 (> .2 mm) 7 (> 2 mm) 0 (> 20 mm)
Heat Base:  18.3  Cool Base:  18.3  Method: Integration