NOAA-Style Climate Reports

Select a Year or Month report
2019: Ιαν Φεβ Μάρ Απρ Μάϊ Ιού Ιού Αύγ Σεπ Οκτ Νοέ Δεκ
2018: Ιαν Φεβ Μάρ Απρ Μάϊ Ιού Ιού Αύγ Σεπ Οκτ Νοέ Δεκ
2017: Ιαν Φεβ Μάρ Απρ Μάϊ Ιού Ιού Αύγ Σεπ Οκτ Νοέ Δεκ

Report for 2019 Μάϊος
                   MONTHLY CLIMATOLOGICAL SUMMARY for MAY. 2019

NAME: Agia   CITY: Agia   STATE: Larisa 
ELEV:   190 m  LAT:   LONG: 

                   TEMPERATURE (°C), RAIN  (mm), WIND SPEED (km/hr)

                                      HEAT  COOL        AVG
    MEAN                              DEG   DEG         WIND                 DOM
DAY TEMP  HIGH   TIME   LOW    TIME   DAYS  DAYS  RAIN  SPEED HIGH   TIME    DIR
------------------------------------------------------------------------------------
 1  14.8  19.9   17:30   9.9    4:00   3.6   0.1   0.0   6.4  35.4   13:45    SW
 2  15.7  21.9   18:15   8.6    7:00   3.3   0.7   0.0   4.0  19.3   12:15     N
 3  17.6  25.1   14:45  10.6    7:00   2.0   1.3   0.0   4.8  25.7   16:00   WSW
 4  15.8  20.3   17:45  13.0    6:45   2.6   0.1   0.0   3.1  19.3   19:30     N
 5  16.3  22.4   15:15  11.8    3:30   2.5   0.5  27.2   4.8  27.4   16:30   ENE
 6  16.2  21.6   14:15  10.5   23:45   2.7   0.5   0.0   9.2  43.5   18:15   WSW
 7  13.3  17.6   14:30   8.9    5:45   5.0   0.0   0.0   4.7  37.0   20:15   ENE
 8  13.2  18.6   13:30   8.0    4:00   5.1   0.0   0.0   5.6  30.6   18:00   NNE
 9  13.7  19.6   12:30   8.4    5:15   4.7   0.0   0.0   5.1  24.1   15:30   ENE
10  17.5  22.9   13:30  12.2    6:00   1.8   0.9   0.0   6.3  24.1    1:30   ENE
11  19.1  23.8   15:00  12.8    7:00   1.2   2.0   0.0   5.0  20.9   15:45   NNE
12  18.3  23.1   10:45  13.4    6:45   1.2   1.2   0.0   5.0  32.2   16:30   ENE
13  16.3  18.9    0:15  14.1    5:45   2.0   0.0  13.4   7.1  29.0   15:45   NNE
14  16.7  18.9   17:15  15.1   00:00   1.6   0.0   2.4   7.1  27.4    0:45   ENE
15  17.1  21.8   13:45  10.7    6:30   2.1   0.8   0.0   5.6  24.1   16:30     N
16  16.6  20.4   16:00  12.7    4:30   2.0   0.3   5.2   5.1  24.1   15:45   ENE
17  17.7  23.6   15:45  12.8    4:45   2.0   1.3   0.4   3.4  20.9   12:45     N
18  19.4  26.0   13:30  12.9    6:30   1.4   2.5   0.0   4.5  25.7   16:00   NNE
19  19.7  24.3   15:00  15.9    6:30   0.5   1.9   0.0   4.5  24.1   17:45   ENE
20  21.8  27.6   16:45  16.3    0:15   0.3   3.7   0.0   7.9  32.2   12:00   WSW
21  20.1  26.7   17:00  14.3    4:45   0.9   2.7   0.0   6.4  27.4   19:30     N
22  19.2  25.5   13:45  14.0    3:30   1.1   2.1   0.0   4.3  20.9   17:15     N
23  19.6  25.4   17:15  13.0    6:45   1.4   2.7   9.2   4.8  25.7   21:45   ENE
24  18.2  23.8   17:15  13.6    6:45   1.6   1.5   0.8   2.9  17.7    3:15     N
25  19.7  25.1   13:15  13.1    6:30   1.0   2.4   0.0   5.5  22.5   14:15   NNE
26  20.8  24.4   16:00  15.3    6:15   0.6   3.1   0.0   6.0  27.4   12:15   NNE
27  19.9  22.7   18:00  16.9    2:30   0.1   1.7   0.4   4.2  24.1   15:45   ENE
28  20.5  25.7   19:30  14.8    5:45   0.7   2.8   0.0   4.5  24.1   14:30   ENE
29  21.6  28.9   15:15  15.9    5:45   0.3   3.6   0.0   7.2  29.0   12:30   WSW
30  22.2  28.1   13:15  16.9    6:30   0.0   4.0   0.0   6.0  25.7   15:15   NNE
31  20.6  25.9   12:00  16.8    7:15   0.1   2.3   0.0   3.5  19.3   18:00     N
-------------------------------------------------------------------------------------
    18.0  28.9    29     8.0     8    55.4  47.2  59.0   5.3  43.5     6     ENE

Max >=  32.0:  0
Max <=   0.0:  0
Min <=   0.0:  0
Min <= -18.0:  0
Max Rain: 27.20 ON 05/05/19
Days of Rain: 8 (> .2 mm) 5 (> 2 mm) 1 (> 20 mm)
Heat Base:  18.3  Cool Base:  18.3  Method: Integration