NOAA-Style Climate Reports

Select a Year or Month report
2019: Ιαν Φεβ Μάρ Απρ Μάϊ Ιού Ιού Αύγ Σεπ Οκτ Νοέ Δεκ
2018: Ιαν Φεβ Μάρ Απρ Μάϊ Ιού Ιού Αύγ Σεπ Οκτ Νοέ Δεκ
2017: Ιαν Φεβ Μάρ Απρ Μάϊ Ιού Ιού Αύγ Σεπ Οκτ Νοέ Δεκ

Report for 2019 Ιούνιος
                   MONTHLY CLIMATOLOGICAL SUMMARY for JUN. 2019

NAME: Agia   CITY: Agia   STATE: Larisa 
ELEV:   190 m  LAT:   LONG: 

                   TEMPERATURE (°C), RAIN  (mm), WIND SPEED (km/hr)

                                      HEAT  COOL        AVG
    MEAN                              DEG   DEG         WIND                 DOM
DAY TEMP  HIGH   TIME   LOW    TIME   DAYS  DAYS  RAIN  SPEED HIGH   TIME    DIR
------------------------------------------------------------------------------------
 1  19.9  25.4   14:15  13.7    6:45   1.1   2.7   0.0   5.3  29.0   17:00   NNE
 2  19.7  25.5   12:00  14.8    6:30   0.9   2.3   0.2   3.5  25.7   13:30     N
 3  17.7  25.2   14:15  13.2    7:00   1.8   1.2   5.6   5.6  29.0   11:30   WNW
 4  18.6  24.4   13:15  12.8    4:15   1.4   1.6   0.0   4.5  22.5   15:45     N
 5  19.7  24.3   18:00  15.6    4:00   0.6   2.0   0.2   3.4  20.9   12:15     N
 6  21.2  26.5   15:30  14.6    6:15   0.9   3.8   0.0   4.7  19.3   14:30   ENE
 7  24.2  30.2   15:45  17.3    6:45   0.1   6.0   0.0   4.5  22.5   16:00   NNE
 8  26.5  32.6   17:00  19.2    6:45   0.0   8.2   0.0   4.0  19.3   14:45     N
 9  27.5  32.2   11:00  23.1    5:00   0.0   9.2   0.0   6.8  32.2    9:15   NNE
10  25.1  29.2   15:30  20.3    6:00   0.0   6.8   0.0   5.3  27.4   12:30   NNE
11  23.3  28.1   11:00  18.3    5:45   0.0   5.0   5.0   3.5  17.7   18:45     N
12  24.4  29.8   13:45  19.1    5:00   0.0   6.1   0.0   4.0  24.1   18:30     N
13  26.6  31.6   12:30  19.8    6:30   0.0   8.2   0.0   5.0  20.9   15:15   NNE
14  26.9  32.8   11:45  20.7    5:30   0.0   8.6   0.0   5.3  32.2   20:15   NNE
15  27.9  33.8   17:30  21.7    6:15   0.0   9.7   0.0   6.1  29.0   14:30   NNE
16  25.7  30.9   14:15  19.0   23:45   0.0   7.4   1.6   5.3  43.5   21:15     N
17  24.1  30.5   17:15  17.4    5:00   0.1   5.9   0.0   4.2  22.5   15:00     N
18  24.2  28.5   16:45  19.6    3:00   0.0   5.9   0.0   3.9  22.5   16:00     N
19  24.2  28.9   16:00  19.6    6:00   0.0   5.9   0.4   4.2  20.9   14:00   ENE
20  23.8  28.0   10:30  19.6    6:45   0.0   5.5   1.6   4.7  22.5   14:15   NNE
21  26.2  31.3   14:45  19.3    6:15   0.0   7.9   0.0   6.0  25.7   15:15   NNE
22  27.3  32.7   13:30  20.7    6:30   0.0   9.0   0.0   6.3  30.6   13:15   NNE
23  26.9  33.4   12:45  21.2    6:15   0.0   8.6   0.0   4.0  25.7   15:30     N
24  26.5  30.4   16:15  21.9    4:45   0.0   8.2   0.0   6.9  30.6   14:00   ENE
25  25.6  30.3   17:15  20.9    7:00   0.0   7.3   0.0   3.7  29.0   11:15     N
26  27.2  30.3   15:45  22.8    0:45   0.0   8.9   0.0   7.1  35.4   16:15   ENE
27  28.2  31.7   17:45  24.7   00:00   0.0   9.9   0.0   6.4  33.8    1:00   ENE
28  28.4  33.6   12:30  20.8    6:15   0.0  10.2   0.0   7.4  54.7   23:15   NNE
29  25.4  28.9    0:15  22.4   22:30   0.0   7.1   0.0  10.5  51.5    5:15   ENE
30  23.3  27.8   17:45  18.9    8:30   0.0   5.0   5.2   6.4  27.4   14:00   NNE
-------------------------------------------------------------------------------------
    24.5  33.8    15    12.8     4     6.7 194.0  19.8   5.3  54.7    28     NNE

Max >=  32.0:  7
Max <=   0.0:  0
Min <=   0.0:  0
Min <= -18.0:  0
Max Rain: 5.59 ON 03/06/19
Days of Rain: 8 (> .2 mm) 3 (> 2 mm) 0 (> 20 mm)
Heat Base:  18.3  Cool Base:  18.3  Method: Integration