NOAA-Style Climate Reports

Select a Year or Month report
2019: Ιαν Φεβ Μάρ Απρ Μάϊ Ιού Ιού Αύγ Σεπ Οκτ Νοέ Δεκ
2018: Ιαν Φεβ Μάρ Απρ Μάϊ Ιού Ιού Αύγ Σεπ Οκτ Νοέ Δεκ
2017: Ιαν Φεβ Μάρ Απρ Μάϊ Ιού Ιού Αύγ Σεπ Οκτ Νοέ Δεκ

Report for 2019 Ιούλιος
                   MONTHLY CLIMATOLOGICAL SUMMARY for JUL. 2019

NAME: Agia   CITY: Agia   STATE: Larisa 
ELEV:   190 m  LAT:   LONG: 

                   TEMPERATURE (°C), RAIN  (mm), WIND SPEED (km/hr)

                                      HEAT  COOL        AVG
    MEAN                              DEG   DEG         WIND                 DOM
DAY TEMP  HIGH   TIME   LOW    TIME   DAYS  DAYS  RAIN  SPEED HIGH   TIME    DIR
------------------------------------------------------------------------------------
 1  24.9  29.8   17:00  19.6    6:30   0.0   6.6   0.0   5.6  24.1   11:30     N
 2  25.7  30.8   14:30  20.0    5:00   0.0   7.4   0.0   5.8  30.6   14:45   NNE
 3  27.9  34.7   17:45  20.1    6:00   0.0   9.6   0.0   5.5  30.6   14:45   ENE
 4  28.4  33.0   17:15  21.9    5:15   0.0  10.1   0.0   6.4  25.7   14:00   ENE
 5  26.7  30.6   15:15  22.2    6:00   0.0   8.4   0.0   6.3  25.7   13:30   ENE
 6  27.1  32.3   14:00  21.1    6:30   0.0   8.8   0.0   5.8  32.2   13:00   NNE
 7  27.3  33.2   12:45  20.8    6:30   0.0   9.1   0.0   5.0  25.7   14:15   NNE
 8  29.0  35.2   12:45  22.6    5:45   0.0  10.7   0.0   5.0  27.4   16:00   ENE
 9  27.4  30.6   11:45  23.7   23:45   0.0   9.1   0.8   6.4  32.2   14:45   ENE
10  26.1  30.6   11:45  22.8   00:00   0.0   7.8   2.2   6.8  53.1   22:45   NNE
11  21.1  25.5   14:15  17.6    5:15   0.1   2.9  24.4   6.4  30.6    1:30   ENE
12  21.9  26.8   15:15  16.7    2:45   0.2   3.8   5.6   4.2  24.1   16:00   NNE
13  22.1  27.9   14:30  16.8    5:30   0.3   4.0   5.8   5.6  29.0   23:15     N
14  22.6  26.4   14:30  19.4    4:30   0.0   4.2   0.2   7.6  33.8   16:00   ENE
15  22.4  25.8   15:45  18.1    6:45   0.0   4.2   0.0   5.3  24.1   15:45   ENE
16  20.8  23.4   10:45  18.1   00:00   0.0   2.5   4.0   5.6  32.2   11:15   NNE
17  21.6  27.4   19:45  17.1    6:15   0.3   3.5   0.8   4.7  25.7   12:30   ENE
18  23.4  30.2   14:45  18.3    6:45   0.0   5.1   0.0   4.2  19.3   15:45     N
19  24.0  28.5   15:45  18.7    6:45   0.0   5.7   0.0   5.0  27.4   14:00   ENE
20  24.6  30.2   16:45  18.1    6:15   0.0   6.3   0.0   6.1  25.7   12:00     N
21  25.7  30.5   15:00  19.1    6:30   0.0   7.4   0.0   5.8  29.0   17:00   NNE
22  26.6  32.1   14:30  20.0    6:45   0.0   8.3   0.0   5.5  27.4   15:30   NNE
23  27.9  32.7   13:00  23.6    1:45   0.0   9.6   0.0   3.7  33.8    6:45     N
24  27.2  31.1   16:15  22.8   23:45   0.0   8.9   0.0  10.1  48.3    5:00   ENE
25  25.3  29.2   16:30  20.9    6:45   0.0   7.0   0.0   6.8  25.7   12:00   ENE
26  25.4  30.6   12:00  19.9    7:15   0.0   7.2   0.0   4.7  25.7   16:30   NNE
27  26.4  32.3   12:30  20.1    7:15   0.0   8.1   0.0   6.1  29.0   16:30   NNE
28  26.8  29.3   15:00  23.2   00:00   0.0   8.5   0.0   9.0  33.8   15:00   NNE
29  26.8  33.3   14:30  22.6    2:00   0.0   8.5   0.0   5.8  29.0   11:45     N
30  26.4  31.8   15:00  20.6    6:15   0.0   8.1   0.0   5.5  24.1   18:15   NNE
31  27.8  32.3   13:30  22.7    4:45   0.0   9.5   0.0   5.0  22.5   15:45   ENE
-------------------------------------------------------------------------------------
    25.4  35.2     8    16.7    12     0.9 221.0  43.8   5.8  53.1    10     ENE

Max >=  32.0: 10
Max <=   0.0:  0
Min <=   0.0:  0
Min <= -18.0:  0
Max Rain: 24.41 ON 11/07/19
Days of Rain: 8 (> .2 mm) 5 (> 2 mm) 1 (> 20 mm)
Heat Base:  18.3  Cool Base:  18.3  Method: Integration