NOAA-Style Climate Reports

Select a Year or Month report
2019: Ιαν Φεβ Μάρ Απρ Μάϊ Ιού Ιού Αύγ Σεπ Οκτ Νοέ Δεκ
2018: Ιαν Φεβ Μάρ Απρ Μάϊ Ιού Ιού Αύγ Σεπ Οκτ Νοέ Δεκ
2017: Ιαν Φεβ Μάρ Απρ Μάϊ Ιού Ιού Αύγ Σεπ Οκτ Νοέ Δεκ

Report for 2019 Αύγουστος
                   MONTHLY CLIMATOLOGICAL SUMMARY for AUG. 2019

NAME: Agia   CITY: Agia   STATE: Larisa 
ELEV:   190 m  LAT:   LONG: 

                   TEMPERATURE (°C), RAIN  (mm), WIND SPEED (km/hr)

                                      HEAT  COOL        AVG
    MEAN                              DEG   DEG         WIND                 DOM
DAY TEMP  HIGH   TIME   LOW    TIME   DAYS  DAYS  RAIN  SPEED HIGH   TIME    DIR
------------------------------------------------------------------------------------
 1  28.9  34.8   15:30  22.3    6:30   0.0  10.6   0.0   4.2  22.5   16:15     N
 2  27.9  30.6   14:30  23.9    6:45   0.0   9.6   0.0   6.4  27.4   15:30   ENE
 3  29.4  37.7   18:00  22.4    6:30   0.0  11.2   0.0   5.6  33.8   18:15     N
 4  28.2  31.4   15:15  22.4    7:00   0.0   9.9   0.0   8.7  43.5    2:45   NNE
 5  25.6  29.3   12:15  21.2   00:00   0.0   7.2   0.0   8.0  33.8    8:15   ENE
 6  24.6  29.4   14:30  19.7    6:00   0.0   6.3   0.0   6.1  24.1   17:00   ENE
 7  25.1  30.2   15:15  19.0    7:15   0.0   6.8   0.0   5.6  25.7   16:15   NNE
 8  26.8  32.2   14:15  19.8    6:00   0.0   8.5   0.0   5.1  24.1   15:00   NNE
 9  28.2  33.8   17:30  21.8    7:00   0.0   9.9   0.0   5.0  29.0   15:00   NNE
10  28.9  34.1   15:30  22.7    6:45   0.0  10.6   0.0   6.1  27.4   12:30   NNE
11  29.2  32.9   17:15  25.7    6:45   0.0  10.9   0.0   6.9  25.7   12:00   ENE
12  28.3  32.8   15:45  24.3   00:00   0.0  10.1   0.0   7.6  37.0   11:30   ENE
13  28.2  33.3   15:15  22.3    5:00   0.0   9.9   0.0   6.9  30.6   13:15   ENE
14  26.8  30.7   12:15  22.1    3:00   0.0   8.5   0.0   6.9  30.6   16:45   NNE
15  26.0  30.5   15:15  21.5   00:00   0.0   7.7   0.4   4.5  25.7   14:45     N
16  24.3  29.8   13:15  19.7    6:45   0.0   6.0   1.8   5.0  25.7   17:00   ENE
17  23.2  29.8   14:45  17.7    6:00   0.0   4.9   0.2   5.5  29.0   14:45     N
18  23.4  28.1   14:45  18.4    7:00   0.0   5.2   0.0   4.7  22.5   17:30   NNE
19  24.3  29.4   16:30  17.8    7:00   0.0   6.0   0.0   5.6  24.1   13:00   NNE
20  24.8  29.7   14:45  19.7    4:00   0.0   6.5   0.0   7.1  32.2   15:45   ENE
21  25.4  30.9   15:30  18.7    7:30   0.0   7.2   0.0   5.1  29.0   14:00   NNE
22  26.9  33.6   16:15  20.1    7:15   0.0   8.6   0.0   4.7  27.4   12:45     N
23  28.1  33.0   15:00  22.7    7:30   0.0   9.8   0.0   5.8  29.0   14:00   NNE
24  27.8  32.1   14:30  22.8    7:00   0.0   9.5   0.0   5.6  32.2   14:00   ENE
25  28.2  32.6   15:45  23.1    5:30   0.0   9.9   0.0   6.6  30.6   15:00   ENE
26  27.2  32.8   15:30  21.5    5:45   0.0   8.9   0.0   6.4  37.0   15:15   ENE
27  27.0  32.0   15:15  21.1    7:00   0.0   8.7   0.0   5.3  29.0   14:00   NNE
28  26.4  30.8   15:15  21.7    7:00   0.0   8.1   0.0   6.3  35.4   11:00   NNE
29  25.6  30.4   15:15  19.6    7:30   0.0   7.3   0.0   6.1  32.2   15:00   NNE
30  25.4  31.1   16:45  19.4    7:30   0.0   7.1   0.0   4.8  22.5   16:00   NNE
31  25.0  29.6   15:45  21.7    1:30   0.0   6.7   0.0   7.7  27.4   17:45   NNE
-------------------------------------------------------------------------------------
    26.6  37.7     3    17.7    17     0.0 258.1   2.4   6.0  43.5     4     ENE

Max >=  32.0: 14
Max <=   0.0:  0
Min <=   0.0:  0
Min <= -18.0:  0
Max Rain: 1.80 ON 16/08/19
Days of Rain: 3 (> .2 mm) 0 (> 2 mm) 0 (> 20 mm)
Heat Base:  18.3  Cool Base:  18.3  Method: Integration