MONTHLY CLIMATOLOGICAL SUMMARY for JUN. 2019

NAME: Chania   CITY: Pelion STATE: 
ELEV: 1200 LAT: 039:23:45 LONG: -023:03:45

                            TEMPERATURE ( C), RAIN (mm), WIND SPEED (kmh)

                                               HEAT     COOL           AVG
      MEAN                                     DEG      DEG            WIND                       DOM
DAY   TEMP    HIGH   TIME     LOW    TIME      DAYS     DAYS    RAIN   SPEED    HIGH    TIME      DIR
--------------------------------------------------------------------------------------------------------
01    12.8    16.6   18:49    09.9   08:49     05.5     00.0    00.0   05.6     12.9    09:49     NNW
02    13.5    17.0   19:49    10.1   23:49     04.8     00.0    03.3   06.2     16.6    19:19      NW
03    10.7    14.6   15:09    09.4   20:39     07.6     00.0    02.7   09.5     27.8    20:37     WNW
04    11.8    14.9   15:46    08.1   06:32     06.5     00.0    00.0   06.3     31.4    01:38     WSW
05    13.3    16.4   14:35    10.6   02:25     05.0     00.0    00.3   04.1     16.6    16:43     WNW
06    15.4    18.4   20:26    11.1   05:09     02.9     00.0    00.0   04.8     24.1    00:35     WSW
07    18.3    22.0   17:24    14.4   03:31     00.0     00.0    00.0   05.2     14.8    16:23      N 
08    20.8    23.8   17:09    17.4   01:49     00.0     02.5    00.0   07.2     35.1    23:50     NNE
09    20.0    22.3   00:10    15.9   00:00     00.0     01.7    00.0   14.2     42.5    14:00     NNE
10    16.3    19.1   16:01    14.4   05:35     02.0     00.0    00.0   12.6     35.1    02:03      N 
11    16.1    18.9   11:25    14.0   06:28     02.2     00.0    04.2   05.9     20.4    03:51      N 
12    17.9    20.8   17:59    14.9   00:31     00.4     00.0    00.3   08.3     27.8    19:57      N 
13    19.6    22.5   15:37    16.0   06:15     00.0     01.3    00.0   07.3     20.4    04:12      N 
14    21.5    24.7   14:44    18.6   05:43     00.0     03.2    00.0   06.2     24.1    23:55      N 
15    19.6    22.6   15:52    16.4   06:09     00.0     01.3    00.0   10.9     27.8    23:17      N 
--------------------------------------------------------------------------------------------------------
16.5 (16.5)   24.7  day 14     08.1  day 04   037.0    010.1   010.8   07.6     42.6   day 09     NNW
Min <=   30: 15
Max Rain: 4.2 ON 11-06-19
Days of Rain: 5 (> .2mm) 3 (> 2mm) 0 (> 20mm)