MONTHLY CLIMATOLOGICAL SUMMARY for APR. 2019

NAME: Chania   CITY: Pelion STATE: 
ELEV: 1200 LAT: 039:23:45 LONG: -023:03:45

                            TEMPERATURE ( C), RAIN (mm), WIND SPEED (kmh)

                                               HEAT     COOL           AVG
      MEAN                                     DEG      DEG            WIND                       DOM
DAY   TEMP    HIGH   TIME     LOW    TIME      DAYS     DAYS    RAIN   SPEED    HIGH    TIME      DIR
--------------------------------------------------------------------------------------------------------
01    07.4    11.3   16:15    04.7   07:30     10.9     00.0    00.0   11.2     27.8    14:50     NNE
04    07.4    09.6   14:19    05.7   07:26     10.9     00.0    00.0   14.5     38.9    05:06     NNE
05    06.7    08.5   16:31    05.1   22:52     11.6     00.0    00.0   08.6     27.8    15:17      SW
06    04.7    06.4   00:08    04.0   22:06     13.6     00.0    35.4   18.4     50.0    08:05      N 
07    06.1    08.2   16:24    04.1   07:27     12.2     00.0    00.0   07.7     25.9    03:54      N 
08    06.3    07.8   03:54    04.5   09:28     12.0     00.0    04.5   07.2     37.0    08:49     WSW
09    04.8    06.0   20:11    03.4   08:52     13.5     00.0    15.6   15.2     46.3    05:28      SW
10    07.1    10.0   17:22    05.7   03:36     11.2     00.0    06.9   08.8     62.9    07:40     WNW
11    08.2    11.5   19:00    05.4   09:30     10.1     00.0    00.0   18.2     37.0    20:00      SW
12    07.0    08.6   02:00    05.2   00:00     11.3     00.0    01.5   13.0     37.0    02:00      SW
13    06.5    08.9   17:25    03.9   07:01     11.8     00.0    01.8   07.0     35.1    02:21      SW
14    05.7    08.0   12:40    04.1   22:49     12.6     00.0    04.5   04.8     22.2    00:27     NNW
15    03.6    04.4   05:43    02.9   22:30     14.7     00.0    18.3   14.2     46.3    23:19      N 
16    04.0    06.5   22:07    02.1   03:03     14.3     00.0    08.1   08.3     37.0    01:34      N 
--------------------------------------------------------------------------------------------------------
06.1 (6.3)   11.5  day 11     02.1  day 16   170.6    000.0   095.1   11.2     62.9   day 06      NW
Min <=   30: 14
Max Rain: 35.4 ON 6-04-19
Days of Rain: 9 (> .2mm) 7 (> 2mm) 1 (> 20mm)